3357 a composite number?
False
Is 292909 composite?
False
Is 1363 a composite number?
True
Is 414914 a composite number?
True
Is 542713 a composite number?
False
Is 197819 prime?
False
Is 11785 prime?
False
Is 4426283 prime?
True
Is 290231 composite?
True
Is 75291 a prime number?
False
Is 191413 composite?
False
Is 771845 composite?
True
Is 91207 a prime number?
False
Is 8187 prime?
False
Is 17933 a composite number?
True
Is 8269 composite?
False
Is 4037 a composite number?
True
Is 320165 a prime number?
False
Is 24823 a composite number?
True
Is 1472857 a composite number?
False
Is 5965 composite?
True
Is 58885 composite?
True
Is 50119 a composite number?
False
Is 758 composite?
True
Is 35261 composite?
True
Is 787 a composite number?
False
Is 512859 a composite number?
True
Is 2063 composite?
False
Is 405857 composite?
False
Is 745 prime?
False
Is 114557 prime?
False
Is 651067 composite?
False
Is 111577 prime?
True
Is 798845 a composite number?
True
Is 49307 a composite number?
False
Is 49233 a prime number?
False
Is 15727 a prime number?
True
Is 1637 a composite number?
False
Is 325079 prime?
True
Is 85133 a prime number?
True
Is 130197 a composite number?
True
Is 22547 prime?
False
Is 18823 a composite number?
True
Is 102749 a composite number?
True
Is 4099 a composite number?
False
Is 673 a prime number?
True
Is 24159 a prime number?
False
Is 10589 prime?
True
Is 139618 prime?
False
Is 96429 a composite number?
True
Is 716783 a composite number?
False
Is 441157 a prime number?
True
Is 204733 prime?
True
Is 256651 a composite number?
False
Is 787 a composite number?
False
Is 70279 prime?
False
Is 70043 a composite number?
True
Is 22247 a prime number?
True
Is 1887307 prime?
True
Is 4183 prime?
False
Is 114883 a composite number?
False
Is 1137949 a composite number?
True
Is 7627 a composite number?
True
Is 203339 composite?
False
Is 11185 a composite number?
True
Is 4769 a prime number?
False
Is 17049 prime?
False
Is 24589 a prime number?
False
Is 2477 prime?
True
Is 400753 prime?
True
Is 8513 composite?
False
Is 43909 a prime number?
False
Is 296797 composite?
False
Is 33049 a prime number?
True
Is 8097 a prime number?
False
Is 1596974 prime?
False
Is 433241 a prime number?
True
Is 27143 a prime number?
True
Is 172673 prime?
True
Is 73835 composite?
True
Is 15859 composite?
False
Is 802499 prime?
True
Is 172277 prime?
False
Is 443077 a prime number?
True
Is 159491 a composite number?
False
Is 1917107 a composite number?
True
Is 55951 a prime number?
False
Is 89 a prime number?
True
Is 31281 a prime number?
False
Is 178091 prime?
True
Is 6619 a prime number?
True
Is 3937 a composite number?
True
Is 24659 a prime number?
True
Is 369229 a prime number?
False
Is 1082 a composite number?
True
Is 14369 a prime number?
True
Is 3389 prime?
True
Is 42853 a composite number?
False
Is 5249 prime?
False
Is 2024183 a composite number?
True
Is 2761 a composite number?
True
Is 5891 a composite number?
True
Is 16711 composite?
True
Is 57877 a composite number?
True
Is 44171 prime?
True
Is 433723 a prime number?
True
Is 7081 prime?
False
Is 29543 a prime number?
False
Is 91645 a composite number?
True
Is 3457 composite?
False
Is 91703 composite?
False
Is 98941 composite?
True
Is 542647 composite?
True
Is 192967 prime?
False
Is 22118 composite?
True
Is 4073 a composite number?
False
Is 22267 composite?
True
Is 10811 composite?
True
Is 164195 a composite number?
True
Is 1471 a composite number?
False
Is 2777 composite?
False
Is 47017 a composite number?
False
Is 32951 a prime number?
False
Is 5806 composite?
True
Is 370373 a composite number?
False
Is 8623 prime?
True
Is 39965 composite?
True
Is 83033 a composite number?
True
Is 1741 composite?
False
Is 252341 prime?
True
Is 231157 prime?
False
Is 73181 a composite number?
False
Is 32467 a prime number?
True
Is 819017 prime?
True
Is 909599 a composite number?
False
Is 56237 a prime number?
True
Is 58009 composite?
True
Is 17779 a composite number?
True
Is 129845 composite?
True
Is 49391 a composite number?
False
Is 2897 a composite number?
False
Is 16519 prime?
True
Is 11801 a prime number?
True
Is 21547 a composite number?
True
Is 9305 composite?
True
Is 573907 prime?
False
Is 219487 prime?
False
Is 166999 a prime number?
False
Is 9377 prime?
True
Is 3421 prime?
False
Is 44717 a composite number?
True
Is 15551 a prime number?
True
Is 99599 a composite number?
True
Is 4939 a composite number?
True
Is 334393 composite?
False
Is 33107 a composite number?
False
Is 298909 a composite number?
True
Is 355457 a composite number?
False
Is 276869 composite?
False
Is 615634 prime?
False
Is 154029 composite?
True
Is 33013 prime?
True
Is 82805 a prime number?
False
Is 596039 a composite number?
True
Is 7993 a composite number?
False
Is 294199 composite?
False
Is 36591 composite?
True
Is 2429 prime?
False
Is 664549 a prime number?
True
Is 34249 a composite number?
True
Is 14029 composite?
False
Is 2186333 a composite number?
False
Is 213869 prime?
False
Is 46523 prime?
True
Is 17231 a composite number?
False
Is 7499 prime?
True
Is 517411 a composite number?
False
Is 760949 composite?
True
Is 210347 a prime number?
True
Is 64777 composite?
True
Is 14369 prime?
True
Is 361033 a prime number?
True
Is 4087 a composite number?
True
Is 135781 a prime number?
True
Is 6995 composite?
True
Is 165079 a prime number?
True
Is 914 a prime number?
False
Is 74773 a prime number?
False
Is 13787 composite?
True
Is 130459 prime?
False
Is 1590051 prime?
False
Is 15231 a composite number?
True
Is 86531 composite?
False
Is 114481 a composite number?
True
Is 10727 composite?
True
Is 94747 composite?
False
Is 51533 a prime number?
False
Is 3494 composite?
True
Is 356899 prime?
False
Is 62383 a prime number?
True
Is 8035 composite?
True
Is 9119 composite?
True
Is 1543 prime?
True
Is 64667 a prime number?
True
Is 87499 prime?
False
Is 368911 composite?
False
Is 21829 a composite number?
True
Is 549121 a prime number?
True
Is 2407723 a prime number?
True
Is 60022 a prime number?
False
Is 632039 a prime number?
False
Is 563183 prime?
True
Is 211831 a prime number?
False
Is 145913 composite?
True
Is 10831 prime?
True
Is 14461 a prime number?
True
Is 20599 prime?
True
Is 263 prime?
True
Is 910747 a prime number?
True
Is 1464809 a prime number?
True
Is 16751 a prime number?
False
Is 44053 a composite number?
False
Is 131491 a prime number?
False
Is 1446073 composite?
False
Is 28019 prime?
True
Is 2659 a composite number?
False
Is 2155121 a prime number?
True
Is 15441 prime?
False
Is 466777 composite?
False
Is 3821 composite?
False
Is 12115 prime?
False
Is 8509 composite?
True
Is 31303 a prime number?
False
Is 797 prime?
True
Is 90223 prime?
False
Is 87977 a composite number?
False
Is 7759 a prime number?
True
Is 150581 a composite number?
True
Is 9662 a composite number?
True
Is 232787 composite?
True
Is 1208929 prime?
False
Is 445451 composite?
True
Is 37217 composite?
False
Is 17993 a prime number?
False
Is 67027 prime?
False
Is 1050139 a composite number?
False
Is 180463 composite?
False
Is 422481 a prime number?
False
Is 19997 composite?
False
Is 52135 a prime number?
False
Is 9023 a prime number?
False
Is 6239 a prime number?
False
Is 3871423 prime?
True
Is 56263 a prime number?
True
Is 371981 a prime number?
True
Is 44947 a composite number?
True
Is 361861 composite?
True
Is 1014733 composite?
True
Is 2894 composite?
True
Is 96961 a prime number?
False
Is 5683 a prime number?
True
Is 81869 composite?
False
Is 21377 prime?
True
Is 30553 a prime number?
True
Is 799759 a prime number?
True
Is 19283 a composite number?
True
Is 1329847 prime?
True
Is 6913 composite?
True
Is 306321 prime?
False
Is 89779 a prime number?
True
Is 35251 a composite number?
False
Is 8413 prime?
False
Is 12941 prime?
True
Is 4189 a prime number?
False
Is 40249 composite?
True
Is 217769 a prime number?
False
Is 431141 prime?
True
Is 422957 a composite number?
True
Is 258779 prime?
True
Is 575009 a composite number?
False
Is 166143 composite?
True
Is 100907 a composite number?
False
Is 4908241 a composite number?
True
Is 320527 composite?
True
Is 149069 composite?
False
Is 34939 a prime number?
True
Is 104789 a prime number?
True
Is 634873 a composite number?
True
Is 42